uppose 52 = 2*q - m*q - w, -2*q = 4*w - 52. What are the prime factors of q?
2, 13
Let u(n) = -n**2 + 0*n**2 - 1 - 6*n - 2. Let k be u(-5). Suppose -8 = k*x - 28. List the prime factors of x.
2, 5
Let y(k) be the first derivative of k**3/3 - 2*k + 3. List the prime factors of y(2).
2
Suppose 44 = 5*l - 3*l. What are the prime factors of l?
2, 11
What are the prime factors of (-1)/2*(-20 - 212)?
2, 29
Let a = 2 - 4. Let o be a/3 - (-38)/3. List the prime factors of (9/12)/(1/o).
3
Let w(f) = -2*f + 7. Let u be w(5). Suppose 0 = -c + 4*h + 25 - 4, -2*c + 2*h + 18 = 0. Let d = c + u. List the prime factors of d.
2
Let o = -3 + 17. Suppose j - 6 = 4. Suppose 3*i = j + o. What are the prime factors of i?
2
Let h be ((-6)/8)/((-3)/(-12)). Let q = h - -21. Suppose 3*s + 2*s = -2*m + 24, -2*s + 2*m + q = 0. What are the prime factors of s?
2, 3
Suppose -4*j + 7 = -1. Let i(s) = -5*s - s**2 - 4*s + 0 + 0*s**j + 3. List the prime factors of i(-8).
11
Let a = 2 - -2. Suppose 0 = i - 4*b + 9 - 1, 20 = a*b. List the prime factors of i/(-16) + 62/8.
7
Let n = 108 + -63. What are the prime factors of n?
3, 5
Suppose -5*o + 4*a = -8 - 0, -2*a - 4 = -o. Suppose 0 = 4*r - o - 8. Suppose 11 = r*p - p. List the prime factors of p.
11
Suppose -14 + 2 = -4*r. Let w(y) = -y + 6 + 3*y - 3. What are the prime factors of w(r)?
3
Let d(n) = n**2 + 6*n + 4. Let x be d(-6). Suppose -x*m = m - 25. Suppose -m*t - 4 + 39 = 0. List the prime factors of t.
7
Let r(b) = -2*b**2 - 2*b + 3. Let n be r(2). Let s(v) = v**2 + 7*v + 9. What are the prime factors of s(n)?
3
Let l be (0 - 1) + (-4 - 4). What are the prime factors of -69*3/l - -3?
2, 13
Let v(t) = t**3 - 5*t**2 - 13*t + 1. List the prime factors of v(8).
89
Let l(k) = -2*k + k**3 - k**2 - 4 + 0 - 3*k**2. Suppose 2*b = 7*b - 25. List the prime factors of l(b).
11
Let i(a) = a - 10. Let z be i(15). Suppose -z*j - 3*m - 61 = -231, -5*m - 130 = -5*j. What are the prime factors of j?
31
Suppose 2*t = 3*d, 4*t + d = 3*t. Let i = t + 36. What are the prime factors of i?
2, 3
Suppose 2*z - 109 = -5*b - 0*z, z - 2 = 0. What are the prime factors of b?
3, 7
Let v = 278 - 66. What are the prime factors of v?
2, 53
Let l(n) = 3*n - 2. Let d be l(-4). Suppose -8*a + 6*a = -48. Let o = d + a. List the prime factors of o.
2, 5
Suppose 7*d + 411 = 10*d. What are the prime factors of d?
137
Suppose 2 - 11 = 3*z. Let v = z + 11. Let n = v + -5. List the prime factors of n.
3
Let f = 10 + 2. Let k = -6 + f. What are the prime factors of k?
2, 3
Let u(n) = 167*n**3 - 2*n**2 + 2*n. List the prime factors of u(1).
167
Suppose -502 = -8*p - 22. List the prime factors of p.
2, 3, 5
Let c be (3/9 - 0)*6. Suppose t = 2*t - c. List the prime factors of t.
2
Let k(v) = v**2 + 4*v - 4. Let d be k(-5). Let f = d - 10. Let q = 18 + f. List the prime factors of q.
3
Suppose 2*r = -3*r + 5*b + 95, 4*r + 5*b = 94. List the prime factors of r.
3, 7
Suppose 4*o = 3*o + 44. What are the prime factors of o?
2, 11
Let b(t) = -t**3 - 5*t**2 - 6*t - 6. Let a be -2 - 3 - 0/(-2). Let m be b(a). Suppose m = 2*g + 10. What are the prime factors of g?
7
Suppose -50 = -c + 5*d + 50, 5*c - 5*d - 540 = 0. Suppose 4*g = 5*s - c, 0 = -4*s - 3*g + 69 + 50. Suppose 0 = -x + 3*x - s. List the prime factors of x.
13
Let q = 12 + -6. Let c = -3 + q. List the prime factors of c.
3
List the prime factors of (-4*(-12)/80)/((-2)/(-370)).
3, 37
Suppose -3*f = 2*f - 185. List the prime factors of f.
37
Let s(n) = -n**2 - 5*n - 6. Let o be s(-4). List the prime factors of o/(-8) - 217/(-28).
2
Let n = -6 - -8. Suppose -16 = -6*t + 8. Suppose 0 = 2*a - n - t. List the prime factors of a.
3
Suppose 46 + 11 = o. List the prime factors of o.
3, 19
Let n(v) = 2*v**2 + 4*v - 5. What are the prime factors of n(3)?
5
What are the prime factors of -3 - (-1445)/20 - (-2)/(-8)?
3, 23
Suppose 5*l = -0*l - 2*d + 16, 4*d = 12. List the prime factors of l.
2
Suppose -227 + 31 = -4*x. List the prime factors of x.
7
Let g(m) = 2*m**2 - 3*m - 2. Let z be g(3). Let j(p) = -p**2 - z*p - p**3 + 8*p**2 + 2*p + 5. List the prime factors of j(6).
11
Let a be 4 + (-1 - (0 + -1)). List the prime factors of (-2 + a)/(2/3).
3
Let d(o) = 4*o**3 - o**2 - 4. What are the prime factors of d(3)?
5, 19
Suppose -3*n + 104 + 148 = 0. Suppose 2*q - n = -2*q. Suppose 37 = 5*h + 4*k, -2*k + q = 3*h - 0*k. What are the prime factors of h?
5
Suppose 4*o - 2*o = 0. Suppose o = -4*f - 5*t, -t + 12 = -4*t. What are the prime factors of f?
5
Let k(n) = -3*n + 24. Let h be k(10). Let f = 5 + -9. Let p = f - h. What are the prime factors of p?
2
Suppose -40 = -r + 14. What are the prime factors of r?
2, 3
Let p(l) = 6*l + 13. What are the prime factors of p(4)?
37
Suppose -3*h + 0*a + 7 = a, 0 = 5*h - 2*a - 30. Suppose h*l - 32 = -4*v, -4*v - l - 7 = -27. What are the prime factors of v?
2
Suppose 1 = -3*v - 2. Let t = v + 1. Let b = t + 11. List the prime factors of b.
11
Let z(k) = 2*k**3 - 7*k**2 - 3*k + 1. Let h(u) = -u - 1 + 2 - 6*u**2 - u + u**3. Let g(v) = -3*h(v) + 2*z(v). What are the prime factors of g(-3)?
2
Let n be 24 + (-1 - (2 - -1)). Suppose -4*x + n + 24 = 0. What are the prime factors of x?
11
Suppose 2*h - 2*x = 0, -4*h - h - 2*x = -35. Suppose 5*j - 30 = -b, 4*j + 4*b = -b + 3. Suppose j = 6*t - h*t. List the prime factors of t.
7
Let s = 0 - -2. Suppose 3*g + 0*u = 2*u + 34, -6 = -g + s*u. Suppose -t + g = 1. List the prime factors of t.
13
Let h = 1 + 3. Suppose 2*d - 116 = -2*d - 2*f, -4*f - 128 = -h*d. Let j = d + -7. What are the prime factors of j?
23
Let k be ((-8)/(-12))/((-2)/(-3)). List the prime factors of (k + -2)*(3 + -15).
2, 3
Let j(a) = -4*a - 7. List the prime factors of j(-14).
7
Let g(b) = 2*b**2 - 2*b. Let i(u) = -2*u - 10. Let l be i(-7). Let n be g(l). Let f = n + -16. What are the prime factors of f?
2
Let x = 5 - 2. Let p = 16 - x. Let y = p - 5. List the prime factors of y.
2
Suppose -2 = -h - h, -2*q + 116 = -2*h. What are the prime factors of q?
59
Let s(r) = -r**2 + 4*r + 7. Let u be s(5). Let y(g) = 2*g**3 - 3*g**2 + 3*g - 3. What are the prime factors of y(u)?
7
Let x(j) be the first derivative of 8*j**3/3 + j**2/2 + j + 3. List the prime factors of x(-1).
2
Let a(v) = -v**3 - 5*v**2 - v - 3. Let b be a(-5). Let x(s) = 2*s + 2. What are the prime factors of x(b)?
2, 3
Suppose -4*o - 2*t + 101 = -7*t, o = -4*t + 41. What are the prime factors of o?
29
Let f = 162 - 77. What are the prime factors of f?
5, 17
List the prime factors of (-5 - 686/4)*(2 - 4).
353
Let r = -14 + 24. Let d = r + 1. What are the prime factors of d?
11
Suppose -5*u + 659 + 241 = 0. What are the prime factors of u?
2, 3, 5
Suppose 3*d + 5*s = 2*s + 114, -4*d - 5*s = -151. What are the prime factors of d?
3, 13
Suppose g = w - 18, g = -w + 11 + 1. What are the prime factors of w?
3, 5
Let d(z) be the third derivative of z**5/60 + 5*z**4/12 + 2*z**3/3 + 2*z**2. Let b be d(-10). Suppose n - b - 13 = 0. List the prime factors of n.
17
Suppose 4*u + p = 0, 0 = -4*p + 6 - 22. What are the prime factors of (u - -1)*19/2?
19
Suppose -2*m = -10, 0*q - 14 = 3*q - m. What are the prime factors of (-2)/q*(22 - -2)?
2
Suppose 0*i = 2*i + 2, -2*q + i + 215 = 0. List the prime factors of q.
107
Suppose -5*j - 191 = -4*h, 0 = j + j - 10. Suppose 3*g - 6*g = -h. Suppose -3*d + 9 = -a, -4*a = -8*d + 5*d + g. List the prime factors of d.
2
Let i = -14 - -165. List the prime factors of i.
151
Let c(g) = -10*g + 2. Let h(m) = 10*m - 2. Let i(f) = -7*c(f) - 6*h(f). What are the prime factors of i(2)?
2, 3
Let i be (-1)/(129/63 - 2). Let q = i + 34. What are the prime factors of q?
13
Let h = 83 + -17. List the prime factors of h.
2, 3, 11
Suppose 0 = -2*q - 46 + 4. List the prime factors of (-7)/(q/6) + 8.
2, 5
Suppose -5*o + 2*s = -7*o + 366, -3*s + 366 = 2*o. List the prime factors of o.
3, 61
Let w = -92 - -193. List the prime factors of w.
101
Let o be (-2)/3 - 4/(-6). Let v(t) = -t + 3. Let q be v(-5). Let r = o + q. What are the prime factors of r?
2
Let t(x) = x**3 + 3*x**2 - x + 1. Let a be t(-4). Let u = a - -24. List the prime factors of u.
13
Let x = -18 - -53. List the prime factors of x.
5, 7
Let a = -44 - -102. What are the prime factors of a?
2, 29
Suppose -y - 3 = -7. Suppose y*x - 10 = 2*x. What are the pri